{"id":260,"date":"2026-04-17T16:19:45","date_gmt":"2026-04-17T14:19:45","guid":{"rendered":"https:\/\/indyka-montauban.fr\/?page_id=260"},"modified":"2026-04-17T16:22:06","modified_gmt":"2026-04-17T14:22:06","slug":"analyses-laboratoire","status":"publish","type":"page","link":"https:\/\/indyka-montauban.fr\/?page_id=260","title":{"rendered":"Analyses laboratoire"},"content":{"rendered":"\t\t<div data-elementor-type=\"wp-page\" data-elementor-id=\"260\" class=\"elementor elementor-260\" data-elementor-post-type=\"page\">\n\t\t\t\t<div class=\"elementor-element elementor-element-96a7475 e-flex e-con-boxed e-con e-parent\" data-id=\"96a7475\" data-element_type=\"container\" data-e-type=\"container\">\n\t\t\t\t\t<div class=\"e-con-inner\">\n\t\t\t\t<div class=\"elementor-element elementor-element-a140b94 elementor-widget elementor-widget-heading\" data-id=\"a140b94\" data-element_type=\"widget\" data-e-type=\"widget\" data-widget_type=\"heading.default\">\n\t\t\t\t\t<h2 class=\"elementor-heading-title elementor-size-default\">Nos analyses laboratoire<\/h2>\t\t\t\t<\/div>\n\t\t\t\t\t<\/div>\n\t\t\t\t<\/div>\n\t\t<div class=\"elementor-element elementor-element-d31bf7b e-flex e-con-boxed e-con e-parent\" data-id=\"d31bf7b\" data-element_type=\"container\" data-e-type=\"container\">\n\t\t\t\t\t<div class=\"e-con-inner\">\n\t\t\t\t<div class=\"elementor-element elementor-element-ff2ccd7 elementor-widget elementor-widget-text-editor\" data-id=\"ff2ccd7\" data-element_type=\"widget\" data-e-type=\"widget\" data-widget_type=\"text-editor.default\">\n\t\t\t\t\t\t\t\t\t<p>Chaque lot est test\u00e9 par un laboratoire ind\u00e9pendant afin de r\u00e9pondre \u00e0 nos standards<\/p>\t\t\t\t\t\t\t\t<\/div>\n\t\t\t\t\t<\/div>\n\t\t\t\t<\/div>\n\t\t<div class=\"elementor-element elementor-element-2d613f1 e-grid e-con-boxed e-con e-parent\" data-id=\"2d613f1\" data-element_type=\"container\" data-e-type=\"container\">\n\t\t\t\t\t<div class=\"e-con-inner\">\n\t\t\t\t<div class=\"elementor-element elementor-element-d2cd80f elementor-widget elementor-widget-image\" data-id=\"d2cd80f\" data-element_type=\"widget\" data-e-type=\"widget\" data-widget_type=\"image.default\">\n\t\t\t\t\t\t\t\t\t\t\t\t<figure class=\"wp-caption\">\n\t\t\t\t\t\t\t\t\t\t\t<a href=\"https:\/\/indyka-montauban.fr\/?product=fleur-de-cbd-amnesia\">\n\t\t\t\t\t\t\t<img fetchpriority=\"high\" decoding=\"async\" width=\"1024\" height=\"683\" src=\"https:\/\/indyka-montauban.fr\/wp-content\/uploads\/2026\/04\/lemon-haze-1024x683.jpg\" class=\"attachment-large size-large wp-image-177\" alt=\"\" srcset=\"https:\/\/indyka-montauban.fr\/wp-content\/uploads\/2026\/04\/lemon-haze-1024x683.jpg 1024w, https:\/\/indyka-montauban.fr\/wp-content\/uploads\/2026\/04\/lemon-haze-300x200.jpg 300w, https:\/\/indyka-montauban.fr\/wp-content\/uploads\/2026\/04\/lemon-haze-768x512.jpg 768w, https:\/\/indyka-montauban.fr\/wp-content\/uploads\/2026\/04\/lemon-haze-1536x1024.jpg 1536w, https:\/\/indyka-montauban.fr\/wp-content\/uploads\/2026\/04\/lemon-haze-2048x1365.jpg 2048w, https:\/\/indyka-montauban.fr\/wp-content\/uploads\/2026\/04\/lemon-haze-1620x1080.jpg 1620w, https:\/\/indyka-montauban.fr\/wp-content\/uploads\/2026\/04\/lemon-haze-600x400.jpg 600w\" sizes=\"(max-width: 1024px) 100vw, 1024px\" \/>\t\t\t\t\t\t\t\t<\/a>\n\t\t\t\t\t\t\t\t\t\t\t<figcaption class=\"widget-image-caption wp-caption-text\">Fleur de cbd Amn\u00e9sia<\/figcaption>\n\t\t\t\t\t\t\t\t\t\t<\/figure>\n\t\t\t\t\t\t\t\t\t<\/div>\n\t\t\t\t<div class=\"elementor-element elementor-element-5ef1dc8 elementor-align-right elementor-widget elementor-widget-button\" data-id=\"5ef1dc8\" data-element_type=\"widget\" data-e-type=\"widget\" data-widget_type=\"button.default\">\n\t\t\t\t\t\t\t\t\t\t<a class=\"elementor-button elementor-button-link elementor-size-sm\" href=\"\">\n\t\t\t\t\t\t<span class=\"elementor-button-content-wrapper\">\n\t\t\t\t\t\t\t\t\t<span class=\"elementor-button-text\">\ud83d\udccb Voir l'analyse<\/span>\n\t\t\t\t\t<\/span>\n\t\t\t\t\t<\/a>\n\t\t\t\t\t\t\t\t<\/div>\n\t\t\t\t\t<\/div>\n\t\t\t\t<\/div>\n\t\t<div class=\"elementor-element elementor-element-7113aa2 e-flex e-con-boxed e-con e-parent\" data-id=\"7113aa2\" data-element_type=\"container\" data-e-type=\"container\">\n\t\t\t\t\t<div class=\"e-con-inner\">\n\t\t\t\t\t\n<hr class=\"e-divider-base\" data-interaction-id=\"97e9cba\"  data-e-type=\"widget\" data-id=\"97e9cba\" \/>\n\t\t\t\t\t<\/div>\n\t\t\t\t<\/div>\n\t\t<div class=\"elementor-element elementor-element-0958167 e-grid e-con-boxed e-con e-parent\" data-id=\"0958167\" data-element_type=\"container\" data-e-type=\"container\">\n\t\t\t\t\t<div class=\"e-con-inner\">\n\t\t\t\t<div class=\"elementor-element elementor-element-cec1762 elementor-widget elementor-widget-image\" data-id=\"cec1762\" data-element_type=\"widget\" data-e-type=\"widget\" data-widget_type=\"image.default\">\n\t\t\t\t\t\t\t\t\t\t\t\t<figure class=\"wp-caption\">\n\t\t\t\t\t\t\t\t\t\t\t<a href=\"https:\/\/indyka-montauban.fr\/?product=fleur-de-cbd-amnesia\">\n\t\t\t\t\t\t\t<img decoding=\"async\" width=\"1024\" height=\"683\" src=\"https:\/\/indyka-montauban.fr\/wp-content\/uploads\/2026\/04\/mimoza-1-1024x683.jpg\" class=\"attachment-large size-large wp-image-175\" alt=\"\" srcset=\"https:\/\/indyka-montauban.fr\/wp-content\/uploads\/2026\/04\/mimoza-1-1024x683.jpg 1024w, https:\/\/indyka-montauban.fr\/wp-content\/uploads\/2026\/04\/mimoza-1-300x200.jpg 300w, https:\/\/indyka-montauban.fr\/wp-content\/uploads\/2026\/04\/mimoza-1-768x512.jpg 768w, https:\/\/indyka-montauban.fr\/wp-content\/uploads\/2026\/04\/mimoza-1-1536x1024.jpg 1536w, https:\/\/indyka-montauban.fr\/wp-content\/uploads\/2026\/04\/mimoza-1-2048x1365.jpg 2048w, https:\/\/indyka-montauban.fr\/wp-content\/uploads\/2026\/04\/mimoza-1-1620x1080.jpg 1620w, https:\/\/indyka-montauban.fr\/wp-content\/uploads\/2026\/04\/mimoza-1-600x400.jpg 600w\" sizes=\"(max-width: 1024px) 100vw, 1024px\" \/>\t\t\t\t\t\t\t\t<\/a>\n\t\t\t\t\t\t\t\t\t\t\t<figcaption class=\"widget-image-caption wp-caption-text\">Fleur de cbd Lemon haze<\/figcaption>\n\t\t\t\t\t\t\t\t\t\t<\/figure>\n\t\t\t\t\t\t\t\t\t<\/div>\n\t\t\t\t<div class=\"elementor-element elementor-element-6d6d38e elementor-align-right elementor-widget elementor-widget-button\" data-id=\"6d6d38e\" data-element_type=\"widget\" data-e-type=\"widget\" data-widget_type=\"button.default\">\n\t\t\t\t\t\t\t\t\t\t<a class=\"elementor-button elementor-button-link elementor-size-sm\" href=\"\">\n\t\t\t\t\t\t<span class=\"elementor-button-content-wrapper\">\n\t\t\t\t\t\t\t\t\t<span class=\"elementor-button-text\">\ud83d\udccb Voir l'analyse<\/span>\n\t\t\t\t\t<\/span>\n\t\t\t\t\t<\/a>\n\t\t\t\t\t\t\t\t<\/div>\n\t\t\t\t\t<\/div>\n\t\t\t\t<\/div>\n\t\t\t\t<\/div>\n\t\t","protected":false},"excerpt":{"rendered":"<p>Nos analyses laboratoire Chaque lot est test\u00e9 par un laboratoire ind\u00e9pendant afin de r\u00e9pondre \u00e0 nos standards Fleur de cbd Amn\u00e9sia \ud83d\udccb Voir l&rsquo;analyse Fleur de cbd Lemon haze \ud83d\udccb Voir l&rsquo;analyse<\/p>\n","protected":false},"author":1,"featured_media":0,"parent":0,"menu_order":0,"comment_status":"closed","ping_status":"closed","template":"","meta":{"saved_in_kubio":false,"_kadence_starter_templates_imported_post":false,"_kad_post_transparent":"","_kad_post_title":"hide","_kad_post_layout":"fullwidth","_kad_post_sidebar_id":"","_kad_post_content_style":"unboxed","_kad_post_vertical_padding":"hide","_kad_post_feature":"hide","_kad_post_feature_position":"","_kad_post_header":false,"_kad_post_footer":false,"_kad_post_classname":"","footnotes":""},"class_list":["post-260","page","type-page","status-publish","hentry"],"kubio_ai_page_context":{"short_desc":"","purpose":"general"},"_links":{"self":[{"href":"https:\/\/indyka-montauban.fr\/index.php?rest_route=\/wp\/v2\/pages\/260","targetHints":{"allow":["GET"]}}],"collection":[{"href":"https:\/\/indyka-montauban.fr\/index.php?rest_route=\/wp\/v2\/pages"}],"about":[{"href":"https:\/\/indyka-montauban.fr\/index.php?rest_route=\/wp\/v2\/types\/page"}],"author":[{"embeddable":true,"href":"https:\/\/indyka-montauban.fr\/index.php?rest_route=\/wp\/v2\/users\/1"}],"replies":[{"embeddable":true,"href":"https:\/\/indyka-montauban.fr\/index.php?rest_route=%2Fwp%2Fv2%2Fcomments&post=260"}],"version-history":[{"count":4,"href":"https:\/\/indyka-montauban.fr\/index.php?rest_route=\/wp\/v2\/pages\/260\/revisions"}],"predecessor-version":[{"id":264,"href":"https:\/\/indyka-montauban.fr\/index.php?rest_route=\/wp\/v2\/pages\/260\/revisions\/264"}],"wp:attachment":[{"href":"https:\/\/indyka-montauban.fr\/index.php?rest_route=%2Fwp%2Fv2%2Fmedia&parent=260"}],"curies":[{"name":"wp","href":"https:\/\/api.w.org\/{rel}","templated":true}]}}